{"id":375,"date":"2016-03-11T09:17:41","date_gmt":"2016-03-11T09:17:41","guid":{"rendered":"http:\/\/www.msfaktura.de\/hilfe-version-4\/?page_id=375"},"modified":"2022-04-19T13:22:10","modified_gmt":"2022-04-19T13:22:10","slug":"term_frm_terminer","status":"publish","type":"page","link":"https:\/\/www.msfaktura.de\/hilfe-version-4\/startseite\/hauptformulare\/term_frm_terminer\/","title":{"rendered":"Kalender"},"content":{"rendered":"<p><a href=\"http:\/\/www.msfaktura.de\/hilfe-version-4\/wp-content\/uploads\/sites\/6\/2022\/04\/KalenderMitBeispiel.png\" rel=\"lightbox[375]\"><img loading=\"lazy\" decoding=\"async\" class=\"alignnone wp-image-2041 size-full\" src=\"http:\/\/www.msfaktura.de\/hilfe-version-4\/wp-content\/uploads\/sites\/6\/2022\/04\/KalenderMitBeispiel.png\" alt=\"\" width=\"1917\" height=\"1037\" srcset=\"https:\/\/www.msfaktura.de\/hilfe-version-4\/wp-content\/uploads\/sites\/6\/2022\/04\/KalenderMitBeispiel.png 1917w, https:\/\/www.msfaktura.de\/hilfe-version-4\/wp-content\/uploads\/sites\/6\/2022\/04\/KalenderMitBeispiel-300x162.png 300w, https:\/\/www.msfaktura.de\/hilfe-version-4\/wp-content\/uploads\/sites\/6\/2022\/04\/KalenderMitBeispiel-1024x554.png 1024w, https:\/\/www.msfaktura.de\/hilfe-version-4\/wp-content\/uploads\/sites\/6\/2022\/04\/KalenderMitBeispiel-768x415.png 768w, https:\/\/www.msfaktura.de\/hilfe-version-4\/wp-content\/uploads\/sites\/6\/2022\/04\/KalenderMitBeispiel-1536x831.png 1536w\" sizes=\"auto, (max-width: 1917px) 100vw, 1917px\" \/><\/a><\/p>\n<p class=\"bodytext\">Inhalt:<br \/>\nAnzeige aller Termine eines Terminnehmers innerhalb der ausgew\u00e4hlten Kalenderwoche.<\/p>\n<p class=\"bodytext\">Diese Formular ist \u00fcber das Hauptmenu zu erreichen.<\/p>\n<p class=\"bodytext\">Funktionen:<\/p>\n<p class=\"bodytext\">\u00dcber die oben angesiedelten Befehlsschaltfl\u00e4chen k\u00f6nnen durch einfaches Klicken folgende Aktionen ausgef\u00fchrt werden:<\/p>\n<ul>\n<li>Befehl &#8222;Schlie\u00dfen&#8220;: schlie\u00dft die Formularinstanz.<\/li>\n<li>Befehl &#8222;Druck&#8220;: \u00f6ffnet das Formular &#8222;Druckvorschau&#8220;, in dem dann der Bericht &#8222;Wochentermine einzeln&#8220; angezeigt wird.<\/li>\n<li>Befehl &#8222;Neu&#8220;: \u00f6ffnet das Formular &#8222;Termin-Details&#8220;, in dem dann ein neuer Termin angelegt werden kann.<\/li>\n<li>Befehl &#8222;aktuelle KW&#8220;: stellt den Terminer auf die aktuelle Kalenderwoche ein.<\/li>\n<li>Befehl &#8222;Wochentermine&#8220;: \u00f6ffnet das Formular &#8222;Wochentermine&#8220;.<\/li>\n<\/ul>\n<p class=\"bodytext\">Felder:<\/p>\n<ul>\n<li>Feld: &#8222;Termine f\u00fcr&#8220;: stellt ein, f\u00fcr welchen Terminnehmer der Terminer die Termine anzeigt.<\/li>\n<\/ul>\n","protected":false},"excerpt":{"rendered":"<p>Inhalt: Anzeige aller Termine eines Terminnehmers innerhalb der ausgew\u00e4hlten Kalenderwoche. Diese Formular ist \u00fcber das Hauptmenu zu erreichen. Funktionen: \u00dcber die oben angesiedelten Befehlsschaltfl\u00e4chen k\u00f6nnen durch einfaches Klicken folgende Aktionen ausgef\u00fchrt werden: Befehl &#8222;Schlie\u00dfen&#8220;: schlie\u00dft die Formularinstanz. Befehl &#8222;Druck&#8220;: \u00f6ffnet das Formular &#8222;Druckvorschau&#8220;, in dem dann der Bericht &#8222;Wochentermine einzeln&#8220; angezeigt wird. Befehl &#8222;Neu&#8220;: \u00f6ffnet &hellip; <a href=\"https:\/\/www.msfaktura.de\/hilfe-version-4\/startseite\/hauptformulare\/term_frm_terminer\/\" class=\"more-link\"><span class=\"screen-reader-text\">Kalender<\/span> weiterlesen <span class=\"meta-nav\">&rarr;<\/span><\/a><\/p>\n","protected":false},"author":2,"featured_media":0,"parent":360,"menu_order":0,"comment_status":"closed","ping_status":"closed","template":"","meta":{"ngg_post_thumbnail":0,"footnotes":""},"class_list":["post-375","page","type-page","status-publish","hentry"],"_links":{"self":[{"href":"https:\/\/www.msfaktura.de\/hilfe-version-4\/wp-json\/wp\/v2\/pages\/375","targetHints":{"allow":["GET"]}}],"collection":[{"href":"https:\/\/www.msfaktura.de\/hilfe-version-4\/wp-json\/wp\/v2\/pages"}],"about":[{"href":"https:\/\/www.msfaktura.de\/hilfe-version-4\/wp-json\/wp\/v2\/types\/page"}],"author":[{"embeddable":true,"href":"https:\/\/www.msfaktura.de\/hilfe-version-4\/wp-json\/wp\/v2\/users\/2"}],"replies":[{"embeddable":true,"href":"https:\/\/www.msfaktura.de\/hilfe-version-4\/wp-json\/wp\/v2\/comments?post=375"}],"version-history":[{"count":7,"href":"https:\/\/www.msfaktura.de\/hilfe-version-4\/wp-json\/wp\/v2\/pages\/375\/revisions"}],"predecessor-version":[{"id":2043,"href":"https:\/\/www.msfaktura.de\/hilfe-version-4\/wp-json\/wp\/v2\/pages\/375\/revisions\/2043"}],"up":[{"embeddable":true,"href":"https:\/\/www.msfaktura.de\/hilfe-version-4\/wp-json\/wp\/v2\/pages\/360"}],"wp:attachment":[{"href":"https:\/\/www.msfaktura.de\/hilfe-version-4\/wp-json\/wp\/v2\/media?parent=375"}],"curies":[{"name":"wp","href":"https:\/\/api.w.org\/{rel}","templated":true}]}}