{"id":256,"date":"2016-03-10T11:15:56","date_gmt":"2016-03-10T11:15:56","guid":{"rendered":"http:\/\/www.msfaktura.de\/hilfe-version-3\/?page_id=256"},"modified":"2020-05-18T13:20:41","modified_gmt":"2020-05-18T13:20:41","slug":"dataview_frm_auftragsmodis","status":"publish","type":"page","link":"https:\/\/www.msfaktura.de\/hilfe-version-3\/startseite\/unterformulare\/dataview_frm_auftragsmodis\/","title":{"rendered":"Auftragsmodis"},"content":{"rendered":"<p><img loading=\"lazy\" decoding=\"async\" class=\"aligncenter wp-image-1512 size-medium\" src=\"http:\/\/www.msfaktura.de\/hilfe-version-3\/wp-content\/uploads\/sites\/5\/2020\/05\/Projektmodis-3-300x220.jpg\" alt=\"\" width=\"300\" height=\"220\" srcset=\"https:\/\/www.msfaktura.de\/hilfe-version-3\/wp-content\/uploads\/sites\/5\/2020\/05\/Projektmodis-3-300x220.jpg 300w, https:\/\/www.msfaktura.de\/hilfe-version-3\/wp-content\/uploads\/sites\/5\/2020\/05\/Projektmodis-3-1024x750.jpg 1024w, https:\/\/www.msfaktura.de\/hilfe-version-3\/wp-content\/uploads\/sites\/5\/2020\/05\/Projektmodis-3-768x562.jpg 768w, https:\/\/www.msfaktura.de\/hilfe-version-3\/wp-content\/uploads\/sites\/5\/2020\/05\/Projektmodis-3.jpg 1280w\" sizes=\"auto, (max-width: 300px) 100vw, 300px\" \/><\/p>\n<p>Unterformular zum Anzeigen und Bearbeiten von Auftragsmodis.<\/p>\n<p>Der gew\u00e4hlte Standardmodus wird automatisch beim Anlegen neuer Auftr\u00e4ge verwendet.<\/p>\n<p class=\"bodytext\">Befehlsschaltfl\u00e4chen oben:<\/p>\n<ul>\n<li>&#8222;Schlie\u00dfen&#8220;: schlie\u00dft das Formular<\/li>\n<li>&#8222;Neu&#8220;: erstellt einen neuen Auftragsmodus<\/li>\n<li>&#8222;L\u00f6schen&#8220;: l\u00f6scht den gew\u00e4hlten Auftragsmodus<\/li>\n<\/ul>\n","protected":false},"excerpt":{"rendered":"<p>Unterformular zum Anzeigen und Bearbeiten von Auftragsmodis. Der gew\u00e4hlte Standardmodus wird automatisch beim Anlegen neuer Auftr\u00e4ge verwendet. Befehlsschaltfl\u00e4chen oben: &#8222;Schlie\u00dfen&#8220;: schlie\u00dft das Formular &#8222;Neu&#8220;: erstellt einen neuen Auftragsmodus &#8222;L\u00f6schen&#8220;: l\u00f6scht den gew\u00e4hlten Auftragsmodus<\/p>\n","protected":false},"author":2,"featured_media":0,"parent":362,"menu_order":0,"comment_status":"closed","ping_status":"closed","template":"","meta":{"ngg_post_thumbnail":0,"footnotes":""},"class_list":["post-256","page","type-page","status-publish","hentry"],"_links":{"self":[{"href":"https:\/\/www.msfaktura.de\/hilfe-version-3\/wp-json\/wp\/v2\/pages\/256","targetHints":{"allow":["GET"]}}],"collection":[{"href":"https:\/\/www.msfaktura.de\/hilfe-version-3\/wp-json\/wp\/v2\/pages"}],"about":[{"href":"https:\/\/www.msfaktura.de\/hilfe-version-3\/wp-json\/wp\/v2\/types\/page"}],"author":[{"embeddable":true,"href":"https:\/\/www.msfaktura.de\/hilfe-version-3\/wp-json\/wp\/v2\/users\/2"}],"replies":[{"embeddable":true,"href":"https:\/\/www.msfaktura.de\/hilfe-version-3\/wp-json\/wp\/v2\/comments?post=256"}],"version-history":[{"count":5,"href":"https:\/\/www.msfaktura.de\/hilfe-version-3\/wp-json\/wp\/v2\/pages\/256\/revisions"}],"predecessor-version":[{"id":1513,"href":"https:\/\/www.msfaktura.de\/hilfe-version-3\/wp-json\/wp\/v2\/pages\/256\/revisions\/1513"}],"up":[{"embeddable":true,"href":"https:\/\/www.msfaktura.de\/hilfe-version-3\/wp-json\/wp\/v2\/pages\/362"}],"wp:attachment":[{"href":"https:\/\/www.msfaktura.de\/hilfe-version-3\/wp-json\/wp\/v2\/media?parent=256"}],"curies":[{"name":"wp","href":"https:\/\/api.w.org\/{rel}","templated":true}]}}