{"id":211,"date":"2016-03-10T11:05:06","date_gmt":"2016-03-10T11:05:06","guid":{"rendered":"http:\/\/www.msfaktura.de\/hilfe-version-3\/?page_id=211"},"modified":"2020-06-23T11:35:16","modified_gmt":"2020-06-23T11:35:16","slug":"dataview_frm_auftragsdaten","status":"publish","type":"page","link":"https:\/\/www.msfaktura.de\/hilfe-version-3\/startseite\/unterformulare\/dataview_frm_auftragsdaten\/","title":{"rendered":"Projektdaten"},"content":{"rendered":"<p><a href=\"http:\/\/www.msfaktura.de\/hilfe-version-3\/wp-content\/uploads\/sites\/5\/2020\/06\/Projektdetails-3.jpg\" rel=\"lightbox[211]\"><img loading=\"lazy\" decoding=\"async\" class=\"alignleft wp-image-1715 size-medium\" src=\"http:\/\/www.msfaktura.de\/hilfe-version-3\/wp-content\/uploads\/sites\/5\/2020\/06\/Projektdetails-3-300x254.jpg\" alt=\"\" width=\"300\" height=\"254\" srcset=\"https:\/\/www.msfaktura.de\/hilfe-version-3\/wp-content\/uploads\/sites\/5\/2020\/06\/Projektdetails-3-300x254.jpg 300w, https:\/\/www.msfaktura.de\/hilfe-version-3\/wp-content\/uploads\/sites\/5\/2020\/06\/Projektdetails-3.jpg 679w\" sizes=\"auto, (max-width: 300px) 100vw, 300px\" \/><\/a><\/p>\n<h1 class=\"csc-firstHeader\"><\/h1>\n<div class=\"csc-textpic csc-textpic-center csc-textpic-below\">\n<div class=\"csc-textpic-text\">\n<p class=\"bodytext\">Unterformular zum Anzeigen und Bearbeiten von Auftr\u00e4gen.<\/p>\n<p class=\"bodytext\">Dieses Formular wird im Hauptformular\u00a0 Partnermanager\u00a0 im Quadrant 3\u00a0 angezeigt.<\/p>\n<p class=\"bodytext\">Befehlsschaltfl\u00e4chen oben:<\/p>\n<ul>\n<li>&#8222;Neu&#8220;: \u00f6ffnet das Formular &#8222;Neues Projekt&#8220; und legt nach Nachfrage ein neues Projekt an<\/li>\n<li>&#8222;Neues Unterprojekt&#8220;: \u00f6ffnet das Formular &#8222;Neues Projekt&#8220; und legt nach Nachfrage ein neues Unterprojekt an<\/li>\n<li>&#8222;L\u00f6schen&#8220;: l\u00f6scht nach Nachfrage das ausgew\u00e4hlte Projekt<\/li>\n<li>&#8222;Produktmanager&#8220;: \u00f6ffnet das Formular Produkte<\/li>\n<li>&#8222;Duplizieren&#8220;: das ausgew\u00e4hlte Projekt wird dupliziert<\/li>\n<li>&#8222;Konvertieren&#8220;: \u00f6ffnet das Formular &#8222;Auftragsposition konvertieren&#8220;<\/li>\n<\/ul>\n<p class=\"bodytext\">Felder oben:<\/p>\n<ul>\n<li>Gehe Zu: <i>nach Eingabe einer g\u00fcltigen Projektnummer (z.B. 00033) wird das entsprechende Projekt angezeigt<\/i><\/li>\n<li>Suche: Projekte nach Text durchsuchen und gefundene Projekte anzeigen<\/li>\n<\/ul>\n<p>Felder unten:<\/p>\n<ul>\n<li>Nr. Ext\/Int: <i>Projektnummer extern\/intern<\/i><\/li>\n<li>KD.-Nr. Int.: <i>(Partnernummer intern): Partner, f\u00fcr welchen dieses Projekt angelegt wurde<\/i><\/li>\n<li>Bezeichnung: Bezeichnung des Projektes (intern f\u00fcr Dokumentation)<\/li>\n<li>Kommision:<\/li>\n<li>Auftrags-Beleg: Hier kann ein vorhandener Beleg ausgew\u00e4hlt werden<\/li>\n<li>Auftrags-Datum:<\/li>\n<li>Wert Netto\/Brutto: Anzeige der Werte entsprechend dem ausgew\u00e4hlten Auftrags-Beleg<\/li>\n<li>Hauptprojekt: F\u00fcr Unterprojekte wird hier die Nummer des Hauptprojektes angezeigt<\/li>\n<li>Mwst-Satz:\u00a0 Hier kann f\u00fcr das Projekt ein abweichender MwSt-Satz eingegebene werden<\/li>\n<li>Modus: <i>Hier kann Modus Simple\/Professionell ausgew\u00e4hlt werden<\/i><i><\/i><\/li>\n<li>Verk\u00e4ufer: <i>Mitarbeiter, welcher diesen Auftrag betreut<\/i><\/li>\n<li>Mandant: <i>Mandant, unter welchem dieser Auftrag gef\u00fchrt wird<\/i><\/li>\n<li>Kalkulation\/Status: Hier k\u00f6nnen die Konditionen ausgew\u00e4hlt werden und der Status des Projektes gesetzt werden<\/li>\n<li>Konditionen:<i><\/i><\/li>\n<li>Produktarten:<\/li>\n<\/ul>\n<\/div>\n<\/div>\n","protected":false},"excerpt":{"rendered":"<p>Unterformular zum Anzeigen und Bearbeiten von Auftr\u00e4gen. Dieses Formular wird im Hauptformular\u00a0 Partnermanager\u00a0 im Quadrant 3\u00a0 angezeigt. Befehlsschaltfl\u00e4chen oben: &#8222;Neu&#8220;: \u00f6ffnet das Formular &#8222;Neues Projekt&#8220; und legt nach Nachfrage ein neues Projekt an &#8222;Neues Unterprojekt&#8220;: \u00f6ffnet das Formular &#8222;Neues Projekt&#8220; und legt nach Nachfrage ein neues Unterprojekt an &#8222;L\u00f6schen&#8220;: l\u00f6scht nach Nachfrage das ausgew\u00e4hlte Projekt &hellip; <a href=\"https:\/\/www.msfaktura.de\/hilfe-version-3\/startseite\/unterformulare\/dataview_frm_auftragsdaten\/\" class=\"more-link\"><span class=\"screen-reader-text\">Projektdaten<\/span> weiterlesen <span class=\"meta-nav\">&rarr;<\/span><\/a><\/p>\n","protected":false},"author":2,"featured_media":0,"parent":362,"menu_order":0,"comment_status":"closed","ping_status":"closed","template":"","meta":{"ngg_post_thumbnail":0,"footnotes":""},"class_list":["post-211","page","type-page","status-publish","hentry"],"_links":{"self":[{"href":"https:\/\/www.msfaktura.de\/hilfe-version-3\/wp-json\/wp\/v2\/pages\/211","targetHints":{"allow":["GET"]}}],"collection":[{"href":"https:\/\/www.msfaktura.de\/hilfe-version-3\/wp-json\/wp\/v2\/pages"}],"about":[{"href":"https:\/\/www.msfaktura.de\/hilfe-version-3\/wp-json\/wp\/v2\/types\/page"}],"author":[{"embeddable":true,"href":"https:\/\/www.msfaktura.de\/hilfe-version-3\/wp-json\/wp\/v2\/users\/2"}],"replies":[{"embeddable":true,"href":"https:\/\/www.msfaktura.de\/hilfe-version-3\/wp-json\/wp\/v2\/comments?post=211"}],"version-history":[{"count":14,"href":"https:\/\/www.msfaktura.de\/hilfe-version-3\/wp-json\/wp\/v2\/pages\/211\/revisions"}],"predecessor-version":[{"id":1731,"href":"https:\/\/www.msfaktura.de\/hilfe-version-3\/wp-json\/wp\/v2\/pages\/211\/revisions\/1731"}],"up":[{"embeddable":true,"href":"https:\/\/www.msfaktura.de\/hilfe-version-3\/wp-json\/wp\/v2\/pages\/362"}],"wp:attachment":[{"href":"https:\/\/www.msfaktura.de\/hilfe-version-3\/wp-json\/wp\/v2\/media?parent=211"}],"curies":[{"name":"wp","href":"https:\/\/api.w.org\/{rel}","templated":true}]}}