{"id":430,"date":"2016-03-11T09:49:49","date_gmt":"2016-03-11T09:49:49","guid":{"rendered":"http:\/\/www.msfaktura.de\/hilfe-version-2\/?page_id=430"},"modified":"2017-04-26T07:41:42","modified_gmt":"2017-04-26T07:41:42","slug":"pl_frm_matritzen","status":"publish","type":"page","link":"https:\/\/www.msfaktura.de\/hilfe-version-2\/startseite\/detailformulare\/pl_frm_matritzen\/","title":{"rendered":"Matrix-Daten"},"content":{"rendered":"<p><a href=\"http:\/\/www.msfaktura.de\/hilfe-version-2\/wp-content\/uploads\/sites\/2\/2016\/03\/matrix-daten.png\"  rel=\"lightbox[430] attachment wp-att-431\"><img loading=\"lazy\" decoding=\"async\" class=\"alignnone size-medium wp-image-431\" src=\"http:\/\/www.msfaktura.de\/hilfe-version-2\/wp-content\/uploads\/sites\/2\/2016\/03\/matrix-daten-300x185.png\" alt=\"matrix-daten\" width=\"300\" height=\"185\" srcset=\"https:\/\/www.msfaktura.de\/hilfe-version-2\/wp-content\/uploads\/sites\/2\/2016\/03\/matrix-daten-300x185.png 300w, https:\/\/www.msfaktura.de\/hilfe-version-2\/wp-content\/uploads\/sites\/2\/2016\/03\/matrix-daten-768x474.png 768w, https:\/\/www.msfaktura.de\/hilfe-version-2\/wp-content\/uploads\/sites\/2\/2016\/03\/matrix-daten-1024x632.png 1024w, https:\/\/www.msfaktura.de\/hilfe-version-2\/wp-content\/uploads\/sites\/2\/2016\/03\/matrix-daten.png 1122w\" sizes=\"auto, (max-width: 300px) 100vw, 300px\" \/><\/a><\/p>\n<p class=\"bodytext\">Detail- und Hilfsformular zum Anzeigen und Bearbeiten von Preismatrix-Daten.<\/p>\n<p class=\"bodytext\">Diese Daten sind preislistenbezogen.<\/p>\n<p class=\"bodytext\">Dieses Formular ist erreichbar \u00fcber das Unterformular &#8222;Preismatritzen&#8220;.<\/p>\n<p class=\"bodytext\">Befehlsschaltfl\u00e4chen unten:<\/p>\n<ul>\n<li>&#8222;Schlie\u00dfen&#8220;: Schlie\u00dft das Formular<\/li>\n<li>&#8222;Excel-Import&#8220;: \u00f6ffnet das Formular &#8222;Excel-Import&#8220;<\/li>\n<\/ul>\n<p class=\"bodytext\">Felder:<\/p>\n<ul>\n<li>Nr:<i> laufende Nummer<\/i><\/li>\n<li>Preisliste: <i>Name der Preismatrix zugeordneten Preisliste<\/i><\/li>\n<li>Bezeichnung: <i>Bezeichnung der <\/i><i>Preismatrix<\/i><\/li>\n<li>Beschreibung: <i>Beschreibung der <\/i><i>Preismatrix<\/i><\/li>\n<li>Dokument-Nr: <i>Auswahlfeld: Bezeichnung des Dokumentes im Dokumentmanagement, dessen Dokumentdatei als Symbolbild in einem Preislistenausdruck verwendet werden soll<\/i><\/li>\n<li>Druck: <i>markiert diese <\/i><i>Preismatrix<\/i><i> als auszudrucken bei Preislistenausdrucken<\/i><\/li>\n<li>Bild-Vorschau: <i>Unterformular Dokumentvorschau: zeigt bei im Feld &#8222;Dokument-Nr.&#8220; ausgew\u00e4hltem Dokument die Dokumentdatei als Vorschau an<\/i><\/li>\n<li>Matrixdaten: <i>Tabellendfeld mit Matrixdaten:<\/i>\n<ul>\n<li>Nr.:<i> laufende Nummer<\/i><\/li>\n<li>X-Min:<i> minimaler X-Wert der Matrixkombination<\/i><\/li>\n<li>X-Max: <i>maximaler X-Wert der <\/i><i>Matrixkombination<\/i><\/li>\n<li>Y-Min: <i>minimaler Y-Wert der <\/i><i>Matrixkombination<\/i><\/li>\n<li>Y-Max: <i>maximaler Y-Wert der <\/i><i>Matrixkombination<\/i><\/li>\n<li>Z-Min:<i> minimaler Z-Wert der <\/i><i>Matrixkombination<\/i><\/li>\n<li>Z-Max: <i>maximaler Z-Wert der <\/i><i>Matrixkombination<\/i><\/li>\n<li>Wert-1: <i>erster R\u00fcckgabewert der <\/i><i>Matrixkombination <\/i><i>(numerisch)<\/i><\/li>\n<li>Wert-2: <i>zweiter R\u00fcckgabewert der <\/i><i>Matrixkombination <\/i><i>(Text oder numerisch)<\/i><\/li>\n<li>Wert-3: <i>dritter R\u00fcckgabewert der <\/i><i>Matrixkombination<\/i><i> (Text oder numerisch)<\/i><\/li>\n<li>Wert-4: <i>vierter R\u00fcckgabewert der <\/i><i>Matrixkombination<\/i><i> (Text oder numerisch)<\/i><\/li>\n<li>matrixnr: <i>Nummer der Matrix, die dieser\u00a0<\/i><i>Matrixkombination<\/i><i> zugeordnet ist<\/i><\/li>\n<\/ul>\n<p><b>Beispiel:<\/b> Ein Fenster kostet in den Ma\u00dfen von <b>501 mm Breite bis 600 mm Breite<\/b> und von <b>701 mm H\u00f6he bis 800 mm H\u00f6he<\/b> <b>100 \u20ac<\/b>.<\/p>\n<p>Dann w\u00e4re f\u00fcr <b>X-Min 501<\/b> einzutragen, f\u00fcr <b>X-Max 600<\/b> , f\u00fcr <b>Y-Min 701<\/b> und f\u00fcr <b>Y-Max 800<\/b>. Bei <b>Wert 1 w\u00e4ren die 100 \u20ac<\/b> einzutragen, die <b>restlichen Felder w\u00fcrden leer bleiben.<\/b><\/li>\n<\/ul>\n<p class=\"bodytext\">Registerkarten <b>ACHTUNG: die in den folgenden Registerkarten m\u00f6glichen Operationen k\u00f6nnen die Preismatritzen unbrauchbar machen! Bitte nur von erfahrenen Benutzern ausf\u00fchren lassen!<\/b>:<\/p>\n<ul>\n<li><b>&#8222;Wert blockweise bearbeiten&#8220;:<\/b>\u00a0 <i>Mit Hilfe der Steuerelemente auf dieser Registerkarte k\u00f6nnen Matrixwerte (Nur Wert-1) blockweise mit einfachen Rechenoperationen verarbeitet werden. Die ausgew\u00e4hlten Rechenoperationen werden immer auf alle Werte des Wert-1 Feldes der Preismatrix angewendet. <\/i><br \/>\nBefehlsschaltfl\u00e4chen:<\/p>\n<ul>\n<li>&#8222;<b>Start&#8220;:<\/b> Startet nach Nachfrage die Verarbeitung der Matrixdaten<\/li>\n<\/ul>\n<p>Felder:<\/p>\n<ul>\n<li><b>Operator:<\/b> <i>Auswahlfeld zur Auswahl eines Rechenoperators (+, -, *(multiplizieren), \/(dividieren))<\/i><\/li>\n<li><b>Wert:<\/b> Z<i>ahl, welche mit Hilfe des Rechneoperators auf aller Wert-1- Werte der Preismatrix angewendet werden kann<\/i><\/li>\n<li><b>Rundung:<\/b> <i>Anzahl der Stellen, auf die das errechnete Ergebnis gerundet werden soll<\/i><\/li>\n<\/ul>\n<p><b>Beispiel: <\/b>Alle <b>Wert-1-Werte<\/b> einer Preismatrix sollen um <b>10% erh\u00f6ht <\/b>werden, die Ergebnisse sollen zus\u00e4tzlich auf<b> Null Stellen gerundet<\/b> werden (ohne Cent).<\/p>\n<p>Als Operator ist dann das<b> Multiplizieren-Zeichen &#8222;*&#8220; <\/b>zu w\u00e4hlen, als <b>Zahl ist 1,1<\/b> einzutragen und bei <b>Rundung wird eine 0<\/b> eingetragen.<\/li>\n<li><b>&#8222;Werte setzen&#8220;:<\/b>\u00a0 <i>Mit Hilfe der Steuerelemente auf dieser Registerkarte k\u00f6nnen Matrixwerte blockweise mit Werten belegt werden. Dabei k\u00f6nnen die betroffenen Matrixkombinationen durch Eingabe\u00a0einer Bedingung eingegrenzt werden. Als Feldnamen in den Feldern &#8222;Wert-Feld&#8220; und &#8222;Bedingungen&#8220; kommen die Tabellenfeldnamen zum\u00a0Einsatz. Diese Tabellenfeldnamen k\u00f6nnen dem Kopf\u00a0des Listenfeldes &#8222;Betroffene Datens\u00e4tze&#8220; entnommen werden.<\/i>Befehlsschaltfl\u00e4chen:\n<ul>\n<li><b>&#8222;Start&#8220;:\u00a0<\/b>startet nach Nachfrage die Belegung des Wertfeldes der gefilterten Matrixkombinationen mit dem im Feld &#8222;Wert&#8220; eingegebenen Wert<\/li>\n<\/ul>\n<p>Felder:<\/p>\n<ul>\n<li><b>Wert-Feld:<\/b> <i>Auswahlfeld zur Auswahl des Wert-Feldes (Wert-1 bis Wert-4), das mit einem Wert belegt werden soll<\/i><\/li>\n<li><b>Wert: <\/b><i>Wert, der\u00a0in das im &#8222;Wert-Feld&#8220; ausgew\u00e4hlte Feld eingef\u00fcgt werden soll<\/i><\/li>\n<li><b>Bedingung:<\/b><i> Bedingung zur Filterung der <\/i><i>Matrixkombinationen<\/i><\/li>\n<li><b>Betroffene Datens\u00e4tze:<\/b><i><i> Listenfeld mit allen Datens\u00e4tzen, die von einer Wert-Belegung betroffen w\u00e4ren<\/i><\/i><\/li>\n<\/ul>\n<p>Beispiel: In allen <b>Wert-2<\/b>-Feldern von Matrixkombinationen mit <b>X-Max kleiner als 1000 <\/b>soll der <b>Wert 50<\/b> eingetragen werden.<\/p>\n<p>Als <b>Wert-Feld <\/b>w\u00e4re<b> &#8222;matrow_wert2&#8220;<\/b> zu w\u00e4hlen, bei <b>&#8222;Wert&#8220; <\/b>w\u00e4re eine<b> 50<\/b> einzutragen und bei Bedingung w\u00e4re<b> &#8222;matrow_xmax&lt;1000&#8220; <\/b>einzugeben.<\/li>\n<\/ul>\n","protected":false},"excerpt":{"rendered":"<p>Detail- und Hilfsformular zum Anzeigen und Bearbeiten von Preismatrix-Daten. Diese Daten sind preislistenbezogen. Dieses Formular ist erreichbar \u00fcber das Unterformular &#8222;Preismatritzen&#8220;. Befehlsschaltfl\u00e4chen unten: &#8222;Schlie\u00dfen&#8220;: Schlie\u00dft das Formular &#8222;Excel-Import&#8220;: \u00f6ffnet das Formular &#8222;Excel-Import&#8220; Felder: Nr: laufende Nummer Preisliste: Name der Preismatrix zugeordneten Preisliste Bezeichnung: Bezeichnung der Preismatrix Beschreibung: Beschreibung der Preismatrix Dokument-Nr: Auswahlfeld: Bezeichnung des Dokumentes &hellip; <a href=\"https:\/\/www.msfaktura.de\/hilfe-version-2\/startseite\/detailformulare\/pl_frm_matritzen\/\" class=\"more-link\"><span class=\"screen-reader-text\">Matrix-Daten<\/span> weiterlesen <span class=\"meta-nav\">&rarr;<\/span><\/a><\/p>\n","protected":false},"author":2,"featured_media":0,"parent":364,"menu_order":0,"comment_status":"closed","ping_status":"closed","template":"","meta":{"ngg_post_thumbnail":0,"footnotes":""},"class_list":["post-430","page","type-page","status-publish","hentry"],"_links":{"self":[{"href":"https:\/\/www.msfaktura.de\/hilfe-version-2\/wp-json\/wp\/v2\/pages\/430","targetHints":{"allow":["GET"]}}],"collection":[{"href":"https:\/\/www.msfaktura.de\/hilfe-version-2\/wp-json\/wp\/v2\/pages"}],"about":[{"href":"https:\/\/www.msfaktura.de\/hilfe-version-2\/wp-json\/wp\/v2\/types\/page"}],"author":[{"embeddable":true,"href":"https:\/\/www.msfaktura.de\/hilfe-version-2\/wp-json\/wp\/v2\/users\/2"}],"replies":[{"embeddable":true,"href":"https:\/\/www.msfaktura.de\/hilfe-version-2\/wp-json\/wp\/v2\/comments?post=430"}],"version-history":[{"count":5,"href":"https:\/\/www.msfaktura.de\/hilfe-version-2\/wp-json\/wp\/v2\/pages\/430\/revisions"}],"predecessor-version":[{"id":512,"href":"https:\/\/www.msfaktura.de\/hilfe-version-2\/wp-json\/wp\/v2\/pages\/430\/revisions\/512"}],"up":[{"embeddable":true,"href":"https:\/\/www.msfaktura.de\/hilfe-version-2\/wp-json\/wp\/v2\/pages\/364"}],"wp:attachment":[{"href":"https:\/\/www.msfaktura.de\/hilfe-version-2\/wp-json\/wp\/v2\/media?parent=430"}],"curies":[{"name":"wp","href":"https:\/\/api.w.org\/{rel}","templated":true}]}}